.
28
Suppose -3*o + 5*b = -2042 - 1221, -4*o = b - 4320. Calculate the highest common divisor of o and 276.
23
Let y be 3575/495 + (-6 - 1) + 71949/27. Calculate the highest common divisor of 15 and y.
5
Let u = -1152 - -1348. What is the highest common divisor of 28 and u?
28
Suppose x + 18354 = 4*v, -473*v - 5*x = -477*v + 18330. What is the greatest common divisor of 714 and v?
102
Suppose 4225 = -6*p - 41. Let c = -425 - p. Calculate the greatest common divisor of c and 26.
26
Let q be (1 - -1)*(-1)/2. Let t = 2 + q. Let l(z) = 28087*z - 84250. Let k be l(3). What is the greatest common divisor of t and k?
1
Suppose -934 - 98 = -129*n. What is the highest common factor of 9 and n?
1
Let a be (((-2480)/(-279))/(-40))/((-4)/36). Suppose 5*p + 17 = c, -2*c - 2*p + 19 = -7*p. Calculate the greatest common factor of a and c.
2
Let n be (-4)/6*(-6 + 927/(-6)). Let w = 152 - n. What is the greatest common factor of 5 and w?
5
Suppose d = 3*w + 26547, -5*d - 181*w + 179*w = -132650. Calculate the highest common divisor of d and 268.
268
Let c = 18 + -20. Let u be -3 + 0 + c - -2. Let v be (u/(-9))/(4/216). What is the greatest common factor of 9 and v?
9
Suppose -7338 = 17*u - 11*u. Let t = 1227 + u. Suppose -2*r + 6*r - 4 = 0. Calculate the highest common divisor of r and t.
1
Let c be (2 + -4)/((-16)/(-14000)*-10). What is the highest common factor of c and 280?
35
Let g be (-2)/5 - (-228)/20. Suppose -174*m + 130*m = -15004. What is the greatest common divisor of g and m?
11
Let q = -62 + 64. Suppose 0 = -r + q + 2. Suppose 5*p - 9*p + r = 0. What is the greatest common factor of 1 and p?
1
Let j(o) = 2*o**2 - 10*o + 24. Suppose 32 = 6*z - 2*z. Let n be j(z). Suppose 4*k = 12 + n. Calculate the greatest common divisor of k and 14.
7
Suppose j - 13*j = 180. Let o be (9/j - 452/(-20)) + -3. Suppose -16 = -o*q + 18*q. Calculate the greatest common factor of 144 and q.
16
Let s(a) = 7*a**2 - 40*a - 247. Let p(n) = 6*n**2 - 40*n - 246. Let q(v) = -6*p(v) + 5*s(v). Let m be q(41). Calculate the highest common divisor of 80 and m.
40
Let q(h) be the first derivative of -h**4/4 - 16*h**3/3 + 19*h**2/2 + 36*h + 19. Let f be q(-17). Calculate the greatest common divisor of 32 and f.
2
Let m(s) = 5*s**2 - 10*s - 68. Let z be m(8). What is the highest common factor of z and 1763?
43
Let m = 1318 - -683. What is the highest common divisor of 138 and m?
69
Suppose y - 291 - 398 = 0. Let g = 177119 + -177066. Calculate the highest common factor of g and y.
53
Suppose -2*v = -1692 - 1606. Calculate the greatest common factor of v and 34.
17
Let n = -4878 + 4917. Let a(o) = 23*o**2 - 2*o + 4. Let q be a(4). What is the greatest common divisor of n and q?
13
Let u = 111 - 31. Let h(l) = -5*l - 149. Let g(f) = -7. Let z(s) = -6*g(s) - h(s). Let o be z(-35). What is the highest common factor of u and o?
16
Let u(n) = n**3 - 3*n**2 + 1. Let x = -20 - -22. Let i be u(x). Let s be 364 - (2 + (i + 2)*1). What is the highest common divisor of 33 and s?
33
Let q = 3274 - 3047. Calculate the greatest common divisor of 37909 and q.
227
Let y be (204/10)/((-28)/(-70)). Let j = y - -5. What is the highest common factor of j and 56?
56
Suppose 2*z - 8*i = 1140, 0 = -4*z - 2*i + 1985 + 205. Calculate the highest common divisor of z and 11275.
275
Suppose 1181565 = -7*q - 48*q. Let u be (q/35)/(-3) - (-3)/(-5). Calculate the greatest common factor of 12 and u.
12
Let p = -1863 - -1881. Let q = 100 + -52. What is the greatest common factor of q and p?
6
Let x be -2 - -199 - (-68 - -62). Calculate the highest common divisor of x and 10063.
29
Let f(p) = -p - 7. Let r be f(-7). Let u(q) = q**3 - 9*q**2 + 460. Let n be u(r). Calculate the greatest common factor of n and 20.
20
Let v be 1/((-5)/(-1 + -59)). Let s = 56 + 172. What is the greatest common divisor of v and s?
12
Suppose -8*x = -9*x + 107 + 452. Calculate the greatest common divisor of x and 2967.
43
Let d = 498 - 291. Suppose 41 = 5*u - 4*k, 8 = -3*u - 3*k + 38. Calculate the greatest common divisor of d and u.
9
Let h be 8254 - 62 - (-8)/(-2)*-1. Let l be (2/4)/(5 - h/1640). Calculate the highest common divisor of l and 5.
5
Let l = -1 - -9. Let a be ((-6)/(-5))/(7/35). Let g be 1*a/(-39) + (-4062)/(-39). Calculate the highest common divisor of l and g.
8
Let g = -4621 - -5181. Calculate the highest common divisor of 168 and g.
56
Suppose -f - 5*u - 27 = 0, 2*f = 2*u + 8 - 2. Let c be 26/39*(6 + (f - -2)). Calculate the greatest common divisor of 4 and c.
4
Let z(t) = -96*t**3 + 5*t**2 - 2*t - 3. Let g(q) = -q**2 + 8*q + 8. Let k be g(9). Let b be z(k). Calculate the greatest common factor of b and 4.
4
Suppose 0 = -2*z + 6, -5*a + 3*z + 8 = -48. Suppose 8424 = a*c - 6305. What is the highest common divisor of c and 11?
11
Let g(h) = -2*h**3 - 25*h**2 - 2*h + 24. Let v be g(-13). Calculate the greatest common divisor of v and 36.
3
Let x(u) = -u**2 + u + 28. Let h be x(0). Suppose -o + h = 6*o. Suppose 13*y - 25 = 1. What is the greatest common divisor of y and o?
2
Let v(d) = -6*d + 2. Let q be v(0). Suppose -4*l + 40 = -q*j - 14, 0 = -4*l - j + 39. Calculate the highest common divisor of l and 121.
11
Suppose -99*f + 2903 = -217966. What is the greatest common divisor of 97 and f?
97
Let p be (0 - 1)*0 + 6. Suppose p*j + 29 = 269. Suppose -6*z + 39 = -105. Calculate the highest common divisor of j and z.
8
Let a = 1420 + -1320. Calculate the greatest common divisor of 2050 and a.
50
Suppose 64*n = 69*n. Let m be 0/(3/3 - n). Suppose m = -5*w + 13 + 22. What is the greatest common divisor of w and 112?
7
Suppose 2 + 2 = -w, 5*j + w = 11. Suppose -d + 7 = -j. Let i = 32514 + -32484. Calculate the highest common factor of i and d.
10
Let f(q) = 3*q + 61. Let i be f(5). Let x be (i/14 + 2)/(94/329). What is the greatest common factor of x and 65?
13
Suppose -4*n + 400 = 5*b, -b + 341 = n + 261. What is the highest common divisor of b and 2048?
16
Let g = 1853 + -1827. What is the highest common divisor of 10 and g?
2
Let l = 15 + 1. Let c = -303 + 288. Let h be (2 + 12/c)*800/15. Calculate the greatest common divisor of l and h.
16
Suppose 105 = 89*n - 84*n. Suppose 0 = 56*u - 210 - 966. Calculate the highest common divisor of u and n.
21
Suppose 0 = m + 5*q - 180 - 585, 756 = m - 4*q. What is the greatest common divisor of 920 and m?
40
Suppose -3*j - 35555 - 7480 = 0. Let f be (-3)/(105/j) - 1/(-7). Suppose -4*h + f = 14. What is the greatest common factor of h and 9?
9
Let p = -139254 - -139436. Suppose -2*x + o = x - 42, -o + 14 = x. Calculate the highest common divisor of x and p.
14
Suppose -1038*l + 523*l + 532*l - 62016 = 0. Calculate the greatest common factor of l and 576.
192
Suppose 2*h + 6*h = 48. Let o be 3/(100/120*h/40). What is the highest common factor of o and 8?
8
Suppose 0 = -42*c - 6*c - 159*c + 2023632. Calculate the highest common divisor of c and 188.
188
Let u(a) = -a**3 - 5*a**2 + 228*a + 53. Let f be u(-18). Calculate the greatest common factor of 506 and f.
23
Suppose 5*t - 5*j - 126540 = 0, 424*t - 4*j - 50606 = 422*t. What is the highest common divisor of t and 17?
17
Suppose -2*m + 43 = 3*g, -3*m + 4*g = 5*g - 61. Let j = -67 + 64. Let u be j*((-334)/15 + (-8)/m). What is the highest common divisor of u and 102?
34
Let r = -1341 - -1342. Suppose -b - 4 = 1, -5*b + 30 = 5*w. Calculate the highest common factor of w and r.
1
Suppose 15*f - z = 1292, -2*z + 3*z = -2. Calculate the greatest common factor of f and 3182.
86
Let c = 62 - 84. Let v = 10 - c. Calculate the highest common factor of 128 and v.
32
Suppose -27*p - 14*p + 7995 = 0. What is the highest common divisor of 270 and p?
15
Let g(n) = -8*n**2 - 36*n + 10. Let m be g(-5). Let c be ((-26)/m)/((-6)/(-30)). Calculate the greatest common divisor of c and 65.
13
Suppose n = -0*n + 3*b - 74, 0 = 2*n - 3*b + 142. Let y = n + 81. What is the greatest common factor of y and 39?
13
Let v be (-1)/(-4) + (-647)/(-4). Suppose -905 + 1265 = -5*d. Let g be (12/(-8))/1*(d + 0). Calculate the greatest common factor of g and v.
54
Let t be (-184)/(-6) - -1*(-5)/15*-1. What is the highest common factor of t and 19?
1
Let a = 1582 + -1560. Let g(p) = 7*p + 1. Let w be g(1). Let m be 2/w - (-7)/4. What is the highest common factor of a and m?
